 (3 - (3 + 2)) + 5?
3
Evaluate 6 - (-1 + 12 + -10 + 5).
0
What is the value of -9 + (-3 - (-10 - -4 - -3))?
-9
What is the value of -3 + -2 + (-4 - -8)?
-1
What is the value of -4 + (-3 - (-4 + 2 - 3))?
-2
-1 - (2 - 10) - (-21 - -22)
6
2 + 1 - (1 + -1)
3
Calculate (-3 - 10) + 13 + 3.
3
-3 - -2 - (2 + -1)
-2
Evaluate 3 + (0 - 1 - (2 - 4)).
4
Calculate -4 - (-9 + (-5 - -10) - -3).
-3
Calculate 5 - (13 - (14 - 7)).
-1
Calculate 1 - (5 + -5 - (-3 - -1)).
-1
What is (-2 - (10 - 15)) + 0?
3
Calculate -2 - -4 - (3 - (-8 + 4)).
-5
0 - (-4 - (0 + 2)) - 0
6
What is the value of -2 + 1 - 3 - -3?
-1
What is the value of -2 - -4 - (-1 + -1)?
4
1 + -3 + 1 - -2
1
Calculate 6 - ((0 - -2) + 0).
4
What is -15 + (20 - 12) - (-11 + -1)?
5
Evaluate 2 + 4 - (-3 - -9 - 4).
4
Calculate -4 + 0 + 30 + -31.
-5
-2 - (3 - 0 - (-6 + 6))
-5
Evaluate 0 + 1 + (-7 - -5).
-1
(-6 + 0 - -2) + 7
3
0 - (3 + 3 + -14) - 3
5
Calculate 7 + (8 - 7 - 4).
4
What is the value of (10 - 8) + (-3 - (0 - 7))?
6
2 + 3 + 4 + 2 + -4
7
Evaluate (6 - 6) + 6 - 6.
0
Evaluate -1 + 3 + (7 - 4) + -11.
-6
-1 + 5 + -4 + -2
-2
Calculate -11 + 1 + 4 - 2.
-8
What is the value of (-9 - -4 - -6) + -7?
-6
Calculate 1 + 4 - 0 - 0.
5
What is 8 + (-2 - (2 - 1))?
5
Evaluate -1 - -5 - (1 + -1).
4
Evaluate -5 - (-6 - -1) - -4.
4
What is the value of 2 + (1 - -3 - 4)?
2
(-3 - (0 + 6 + -4)) + 3
-2
What is -9 + 7 + (-1 - -3)?
0
Calculate -12 + (7 - 1) - -1.
-5
3 - (3 + -7 + 3)
4
What is 18 - (0 + -11 + 22)?
7
Calculate -11 + (11 - (-14 - -5)).
9
7 + (1 - 3) - 7 - -1
-1
Evaluate 8 + (-9 - 2) + 1.
-2
What is the value of -47 + 51 + 0 + -10?
-6
Calculate -3 + (0 - (-5 - (7 + -6))).
3
(7 - (5 - (-11 - -8))) + -5
-6
Evaluate (-11 - -3) + (3 - 2) - -6.
-1
-1 + (1 - -3) + 1
4
-4 + 3 + 1 - -2 - 3
-1
What is the value of 0 + 14 - (-183 + 195)?
2
What is -2 + 2 - (0 - (-3 + 0))?
-3
What is 3 - (-1 + 5 + -3 - 2)?
4
What is the value of (-1 - (8 + -5)) + 3 + -2?
-3
Calculate -8 + (2 + 3 - (0 + 1)).
-4
What is the value of 0 - (7 + -3 + -3)?
-1
What is the value of 7 - (2 - -3 - 2 - -2)?
2
(3 + -7 + 8 - 1) + -1
2
What is -9 + -4 + 9 + 8?
4
What is -1 + -1 + -3 - (-10 - -7)?
-2
Calculate 66 + -65 + (4 - (1 + 0)).
4
Evaluate (5 + -3 + 0 - 3) + 3.
2
Calculate 11 + -15 + (2 - (1 - 3)).
0
Calculate -3 + -2 + 8 - (4 - 1).
0
Calculate 6 + -8 + -6 + 9.
1
What is 4 - (9 + -10 - -7)?
-2
What is (-2 - (4 - 3)) + (-1 - -3)?
-1
Evaluate 2 - -4 - (4 - 3).
5
Calculate -1 + (0 - (0 - 1 - -3)).
-3
Calculate 0 + (0 - -2 - 3).
-1
Evaluate -3 - (7 - 0 - 5).
-5
What is 2 - (3 + -3 - 1)?
3
Calculate (-1 - -1 - -1) + (3 - 8).
-4
What is (3 - ((-6 - 5) + 4)) + -1?
9
What is 7 + 11 + (-18 - 1)?
-1
What is the value of -3 - ((-1 - 0) + -1 + -2)?
1
Evaluate 6 + -1 + -3 + -2.
0
What is the value of (5 - 5) + -4 - 0?
-4
What is 3 - (0 + 3 + -5)?
5
What is the value of -4 + (9 - (3 + 2))?
0
What is (-9 - (-3 + 2)) + 4?
-4
What is the value of 9 + -1 - (144 - 138)?
2
What is -4 + (2 - -1 - 6) + 3?
-4
-7 + (7 - 4) - -5
1
Calculate (-8 - 3) + 18 + (-13 - 0).
-6
29 + -23 - (3 + 0)
3
Evaluate -3 + 0 + (-4 - (3 + -10)).
0
What is the value of -1 + -3 + 5 + 3 + -10?
-6
What is 3 - (-4 + 13) - -5?
-1
-4 + 1 + (7 - 0)
4
Calculate 2 + -2 - (-3 + 2) - 0.
1
-5 - (7 + -9 - (2 - -1))
0
What is 5 + -2 + -3 + 6 + -3?
3
Calculate (1 - 12 - -5) + -1 + 0.
-7
Evaluate 4 + -2 + -5 + -4 + 7.
0
1 + -3 + -6 + 5
-3
What is -1 + 1 - (-5 + 6 - 1)?
0
What is the value of 4 + 6 + -19 - -6 - 3?
-6
What is 5 + (1 - (2 + 1))?
3
6 + (-65 - -64 - (6 - -1))
-2
What is 1 + -8 + (-4 - -5)?
-6
What is 0 - (-4 - 0) - (-16 + 15)?
5
Calculate -12 + 10 - (-4 + 0).
2
What is 13 + -3 + (15 - 22)?
3
Calculate 0 + 2 - (-1 + -1 + 2).
2
What is -8 + 8 + 11 + -4?
7
Evaluate (-2 - -8) + (-2 - 3).
1
Calculate 14 + -20 - (-8 + -1).
3
Evaluate (-1 - 2) + (0 - -2 - -2).
1
-2 - 2 - 4 - 0
-8
3 + -2 - -3 - (0 + 0)
4
Calculate (5 + -4 - -6 - 7) + -11.
-11
What is the value of 2 + (6 + -2 - 6) - 2?
-2
(-1 + 0 - (-6 + 2)) + -8
-5
What is 2 + 4 + -11 + (6 - 0)?
1
What is the value of 3 - (-1 + (-4 - -1)) - 4?
3
Calculate 0 + -6 + (5 - -3) + -5.
-3
9 + -4 + (-3 - -2)
4
Calculate 24 - 20 - (7 + 0).
-3
-2 + 1 - (-1 - -2)
-2
Calculate -3 - -1 - (17 + -5 + -12).
-2
Calculate (11 - (-14 - -27)) + 5 + -1.
2
What is the value of (3 - 0) + -3 + (2 - 4)?
-2
-11 + 8 - (-2 + 8)
-9
What is the value of -1 - -1 - (-3 - (-1 - 2))?
0
Calculate -1 + -1 + -2 + 0 + 0.
-4
What is -7 + 1 - ((3 - 12) + 10)?
-7
Evaluate -4 + 0 + -2 + 4 + -1.
-3
What is (1 - (0 - -6)) + 22 + -10?
7
What is -2 + 7 + -7 - 3?
-5
Evaluate -9 + 2 + 2 - (-38 - -39).
-6
What is 5 + -1 + -13 + 4?
-5
Evaluate 12 - 17 - (-1 - 3).
-1
Evaluate 0 + -5 + 0 - (-116 - -105).
6
-11 + (1 - 3) + 8
-5
Calculate 6 - ((-2 - -7) + (2 - 5)).
4
-3 + (4 + -2 - (2 + -1))
-2
Calculate -2 + -5 + -1 + 4.
-4
What is -3 + (12 - 5) + -4?
0
Evaluate -1 + -2 - (-2 + 2).
-3
Calculate 6 + 11 - 5 - 20.
-8
What is -1 - (15 - (-1 + 11))?
-6
What is the value of 8 - (14 + -8 - -6) - -7?
3
Calculate ((7 - 6) + 3 - -1) + -11.
-6
What is (13 - -2) + (-1 + -6 - -1)?
9
Evaluate -19 - -9 - (-8 + 2).
-4
What is 0 - 8 - (83 + -95)?
4
What is the value of -14 + 3 - -8 - -8?
5
Evaluate (-3 - ((-9 - -6) + -2)) + 2.
4
What is (26 - 28) + -1 + 5?
2
What is the value of -6 + (5 - (-8 - -5))?
2
Calculate -1 + 11 + 42 + -50.
2
What is -7 + 2 + (4 - 2) + -2?
-5
Evaluate 4 + (0 - (-1 - -1)) + -2.
2
Evaluate (-7 - (8 + -10)) + 0.
-5
What is 0 - (4 - 5) - (8 - 12)?
5
Evaluate (-4 + -1 - 1) + (-2 - -8).
0
(0 - (-3 + 0)) + -6 + 0
-3
What is the value of -14 - (14 + -6 + -17)?
-5
What is the value of -6 + (4 - (-9 + 2))?
5
Evaluate (0 - -2) + -1 + (-9 - -9).
1
What is -2 + (1 - 2) - (-10 - -16)?
-9
What is 0 + 0 + 1 + -1?
0
What is 1 - ((-11 - -7) + 2)?
3
What is 1 - (0 + 7) - -13?
7
Evaluate 7 + -16 + (12 - 3).
0
Calculate 6 + -1 + 8 + -8 + -1.
4
(3 + 1 - 0) + -2 + 3
5
Evaluate 3 - -1 - 6 - -4.
2
Calculate 0 + -5 + 53 + -42.
6
-10 + 14 + (0 - 9)
-5
What is (-3 - (3 - 6)) + 2?
2
What is the value of 9 - 9 - (1 - 0)?
-1
What is the value of 17 + 9 + -12 + -8?
6
Evaluate 4 - (6 - (-4 - -4)).
-2
Evaluate -13 + (0 - 12 - -17).
-8
Evaluate -1 - 4 - (8 + -11).
-2
Calculate -5 + -7 + (-5 - -23).
6
27 - 27 - (-1 + -5)
6
Calculate -102 - -100 - (0 + -7 + -1).
6
Evaluate -3 - (-2 + -3 + 3 + -5).
4
What is 13 + (-1 - 7) + -1 + -3?
1
Calculate 3 + 4 + (-3 - (-4 - -3)).
5
(4 - -1) + (23 - 27)
1
Calculate -9 + 13 - (0 + 9) - -7.
2
Evaluate 2 + -1 - -4 - (-1 - -3).
3
Evaluate 6 + (-2 - -5) + -14.
-5
Evaluate (0 - (-1 - 5)) + 38 + -40.
4
Evaluate 6 - (4 + -6 + 3).
5
Calculate 2 + -6 - (-1 - (-3 - -1)).
-5
What is the value of (0 - 12) + (142 - 132)?
-2
-7 + (5 - 1) + (-1 - -5)
1
What is the value of 14 - 23 - (-2 + -4)?
-3
Evaluate (-3 + 1 - 19) + 12.
-9
What is -2 - (0 + 1 + (1 - 2))?
-2
Evaluate 3 + -4 + 4 + -3.
0
Evaluate 1 - (4 + -8 - -3) - 4.
-2
What is the value of 6 + -12 + (7 - -6)?
7
-13 - (13 + -5 + -19)
-2
Evaluate 10 - (9 - 9 - -5).
5
-3 - (-2 + -3) - 2
0
Evaluate 2 + -8 - (38 + -50).
6
Calculate -5 - ((-2 - -5) + -5 - -2).
-5
What is -14 - 2 - -5 - -7?
-4
-4 + (-7 - -2 - -5)
-4
What is the value of 3 - (6 - (3 - 3 - -3))?
0
8 - (0 + 1) - (0 + 4)
3
What is the value of 0 - 4 - (-12 - -12)?
-4
What is -34 - -26 - (0 - 14)?
6
What is (5 + -8 - -1) + -2 + 4?
0
Evaluate -5 + -1 + (-2 + 5 - 0).
-3
-4 + 8 + -7 + (7 - 3)
1
Evaluate 5 - ((5 - 3) + -2).
5
Evaluate (-7 - -5) + 5 + (1 - 0).
4
What is the value of (1 - -2) + -6 - (-5 + 8)?
-6
-1 - (-7 + 15 + -2)
-7
Evaluate 5 - (-3 + (11 - 1)).
-2
What is (-2 - 3) + 12 + -6?
1
What is -4 + 4 - (8 - 9)?
1
-13 - (-4 + 4 - 11)
-2
What is the value of -19 + 18 + -2 + 1?
-2
Evaluate (-1 - 2) + 2 + (-5 - -2).
-4
What is (-6 - -14) + -6 - 7?
-5
(-9 + 8 - 7) + 14
6
Calculate 3 - 9 - (-4 - 1).
-1
Calculate 6 + 4 + -11 + 2.
1
What is the value of -84 + 74 - (2 + -6)?
-6
What is the value of -124 + 124 - (-4 - 0)?
4
Calculate 3 + (0 - 10) + (35 - 33).
-5
What is the value of -11 + (-4 - (-6 + 6 - 8))?
-7
Calculate (-11 - -3) + (7 - -5).
4
What is the value of -1 + (5 - 3) + 0?
1
6 + (0 - (-4 + 8))
2
(-9 - -1) + (-4 - -8) + -2
-6
Evaluate 3 + 6 - 2 - 7.
0
Evaluate 2 + -1 + -1 + -3.
-3
What is 74 + -65 - (-2 + 3 + -1)?
9
What is 5 - (-1 - -3) - -2?
5
Calculate -2 + 1 + -2 + -1 + 2.
-2
What is (2 - 